t is the units digit of ((-6)/c)/(9/(-30))?
0
Let g = 7 + -4. What is the units digit of g/6 + 15/2?
8
Let x = -70 + 126. Suppose -4*a = 4*h - x, 2*a - 28 = -a + 4*h. Let w = a - 3. What is the units digit of w?
9
Let s(q) = q**3 + 6*q**2 + 3*q - 5. Let v be s(-5). Suppose -2*u - v = -7*u. What is the units digit of u?
1
Suppose b + 3*b = -j + 5, 4*j = -12. Suppose 2*x + 2 = -2*o, 5*o + 2 = -b*x - 9. Suppose -39 = -x*p - p. What is the tens digit of p?
1
Suppose 20 = -0*y + 4*y, 0 = -b + 4*y + 9. What is the tens digit of b?
2
Let z(r) be the third derivative of -r**4/12 - 5*r**3/6 - 4*r**2. What is the units digit of z(-10)?
5
Suppose 0*x - x = -29. Suppose -x = -4*b + 39. What is the tens digit of b?
1
Suppose -10 = -5*n, 3*h = -2*n + 4*n - 37. Let y = h - -5. What is the units digit of (2 - -1 - y)*1?
9
Suppose 2*m = 7*m - 30. Let o be 0 - 12 - (4 - m). Let n = -7 - o. What is the units digit of n?
3
Let j = 43 - -254. What is the hundreds digit of j?
2
Let z = -5 - -7. Suppose -z*t = t - 3. What is the units digit of t - (-5)/(15/6)?
3
What is the tens digit of (-6)/15*-5 - -29?
3
Let g = 2 + 0. Suppose 0 = -3*b + g*b + 13. What is the tens digit of b?
1
Let y(i) = i + 5. Let w be y(-7). Let v = 0 - w. What is the units digit of v?
2
Let t be 6*(-3)/6 + 0. Let g(n) = n**3 + 2*n**2 - 4*n - 1. What is the units digit of g(t)?
2
Suppose 2*o - 23 = -3. Let z be o/3*(-12)/(-10). Let y(u) = -u**2 + 6*u - 6. What is the units digit of y(z)?
2
Let a = 23 + 13. Suppose z - 11 = c + a, 0 = -4*c - 12. What is the tens digit of z?
4
Suppose 23 + 31 = 3*p. What is the units digit of p?
8
Let q = -38 + 108. What is the units digit of q?
0
What is the units digit of (3/((-12)/(-137)))/(9/36)?
7
Suppose m = -2*x - 1 + 14, -5 = 2*x - 5*m. Let n(f) be the first derivative of f**2/2 - f + 2. What is the units digit of n(x)?
4
Let y(g) = -4*g. Let k be y(5). What is the units digit of (-8)/10*k/8?
2
Let m = 1 - -3. Suppose u + 3*i = 15, 20 = i + m*i. What is the units digit of u?
3
Let d(h) = h**3 - 6*h**2 + 2*h + 1. Suppose -5*u + 3*y + 3 + 0 = 0, -2*u - y + 10 = 0. Suppose -u*t = -6*t + 18. What is the tens digit of d(t)?
1
Suppose -3*z + 20 + 151 = 0. What is the tens digit of z?
5
Let m = -5 - -8. Suppose -m*g - 14 + 4 = 5*z, 3*g - 5*z = 40. Suppose -2*t - 5*p + 5 = 0, t + 4*t - 35 = -g*p. What is the tens digit of t?
1
Suppose 5*a - 230 = -0*a + q, -4*a + 168 = -4*q. What is the units digit of a?
7
Let y = -37 - -177. What is the hundreds digit of y?
1
Suppose 0 = -0*u + 2*u. Suppose -3*v + x + 19 = u, -22 = -5*v + v + 2*x. Suppose 3*o - v = -o. What is the units digit of o?
2
Suppose -2*l + l + 10 = m, 4*m = 4*l - 16. Let c = 0 + l. What is the units digit of c?
7
Let x = -56 - -168. What is the hundreds digit of x?
1
Let g(m) = m + 3. Suppose 0 = -0*j + 3*j - 12. Let z be g(j). Suppose -3*w + 4*k + 34 = 0, 2*w + 5*k + z = -1. What is the units digit of w?
6
Let s = -3 + 7. Let x = 4 - s. What is the units digit of (3/(-5) + x)*-10?
6
Suppose t - 10 = -5*n, 0 = t + n - 2 - 4. Suppose -t*c + c + 12 = 0. Suppose 30 = c*k - 9. What is the tens digit of k?
1
Suppose -r - 25 = -2*r. Suppose -4*j = j + r. What is the units digit of (-30)/(-6)*(-2)/j?
2
Let m be (0 - (-3)/(-6))*-2. Let c be ((-70)/(-25))/(m/10). Suppose -i - 3*i = -c. What is the units digit of i?
7
Suppose 7*t - 227 = 95. What is the tens digit of t?
4
Suppose -3*d = -46 - 29. What is the units digit of d?
5
Let q be (-4 + -35)*(2 - 3). Let i = q + -56. Let l = -10 - i. What is the units digit of l?
7
Let k(o) = o**3 - 5*o**2 + 2*o + 13. What is the units digit of k(5)?
3
Let g(i) = -3*i**2 - 2*i + 3. Let w be g(2). Let u = 32 + w. Let m = u - 9. What is the units digit of m?
0
Let j(g) = -2*g**3 - 9*g**2 + 5*g - 5. Let s(f) = 3*f**3 + 10*f**2 - 4*f + 5. Let i(z) = 4*j(z) + 3*s(z). What is the units digit of i(5)?
0
Let c = -3 + 6. Let m = c - 6. What is the units digit of m/(-1) - (4 - 2)?
1
Let z = -14 + 21. What is the units digit of z?
7
Let o = 31 + 85. What is the units digit of o?
6
Suppose 0 = -2*g - 35 - 35. Let p = g - -49. What is the tens digit of p?
1
Suppose 2*i = -2*i + 212. Suppose -1 - i = -3*c. What is the units digit of c?
8
Let f = -23 + 37. What is the tens digit of f?
1
Let c be ((-2)/6)/((-1)/15). Suppose 5*y + 7*n - 56 = 3*n, 0 = -c*y + 5*n + 20. What is the units digit of y?
8
Suppose -2*u = -4*u + 34. What is the tens digit of u?
1
Suppose 0 = -s + 1 + 2. Let r(l) = -l + 0*l**s + l**3 + 3 - 5 - l**2 + 3. What is the units digit of r(0)?
1
Let k be -4*-1*(-4)/(-8). Suppose -k*z = -4, 2*d - 2*z = 38 + 46. What is the units digit of d?
4
Let i(w) = 8*w**3 - 7*w**2 - 6*w - 4. Let r(t) = 7*t**3 - 6*t**2 - 5*t - 3. Let k(c) = -6*i(c) + 7*r(c). What is the units digit of k(0)?
3
Let o(s) = -s**2 + 10*s + 10. Let x be 18/63 + 122/14. What is the units digit of o(x)?
9
Let y(q) = -60*q - 2. Let f be y(-3). Suppose -4*p + 2*v = -f, 4*p - v = -p + 215. What is the tens digit of p?
4
Let w(l) = -l**2 + 17*l + 13. What is the units digit of w(11)?
9
What is the units digit of 17 - (1/2 - 2)*2?
0
Suppose -4*p = -4*a - a + 34, -16 = -3*a - 2*p. Suppose 0 = u - a + 1. What is the units digit of u?
5
Let h be (-8)/(14/(-8) - -2). Let r = 14 + h. What is the tens digit of 32/3*r/(-12)?
1
Suppose 3*o + 12 = -3*s, -2 = 2*s + 5*o - 0. What is the units digit of 10/s*(-6 + 3)?
5
Suppose 0 = v + 2*q - 14 - 0, q - 28 = -4*v. Let n = 4 + -8. Let u = n + v. What is the units digit of u?
2
Let m(n) be the first derivative of -n**4/4 + 7*n**3/3 - 2*n**2 - 4*n - 13. Let q = -7 - -13. What is the units digit of m(q)?
8
Suppose 3*n = 106 + 359. What is the units digit of n?
5
Let r = -4 - -6. What is the units digit of (r*2)/(8/4)?
2
Suppose 13 = 6*t - 17. What is the units digit of t?
5
Suppose -3*d = -7*d + 48. What is the units digit of 51 + d/(-3) + 4?
1
Let p be (-1)/(14/(-8) - -2). Let l(z) = z**2 + 2*z - 5. Let m be l(p). Suppose -3 = -m*v + 18. What is the units digit of v?
7
Suppose j + 2*j + 3 = -3*l, -2*l = 0. Let g(a) be the first derivative of 4*a**3 - a**2 - a - 9. What is the units digit of g(j)?
3
Suppose -5*y + h = 2*h + 34, 4*y + 31 = 3*h. Let k = 1 + y. What is the units digit of (k/(-3) - -3) + 2?
7
Let v = -21 + 18. What is the units digit of (-280)/21*v/2?
0
Let m be (-3)/((-3 + 5)/(-2)). Suppose 2*y - m*b - 7 = 10, 0 = -3*y - 5*b + 54. Suppose 0 = 4*z - 47 - y. What is the units digit of z?
5
Suppose 5*l + 11 + 3 = -r, -5*r - 1 = 2*l. Let g = r - -2. Suppose -3*v + c = -37, -7*c + 13 = g*v - 2*c. What is the tens digit of v?
1
Let o(d) = -3*d - 2. Let k be o(-2). Suppose 5*i - 74 = 2*p, -6*p - 60 = -k*i - 4*p. Let t = -5 + i. What is the units digit of t?
9
Suppose -h = -3*h + 8. Suppose 3*d + h*r = 151, -4*d - r + 192 = -18. What is the units digit of d?
3
Suppose 3 = 2*b - 3*b. Let x = 6 + b. Suppose 5*t = -10, 4*t = -5*w - x + 25. What is the units digit of w?
6
Suppose -6*l - 72 = -2*l. Let n be 20/3*12/10. What is the units digit of ((-45)/l)/(2/n)?
0
What is the hundreds digit of 101 - (-2)/(-3)*-6?
1
Suppose -4*z + 2*i + 224 + 8 = 0, 183 = 3*z + 3*i. What is the units digit of z?
9
Let a(d) = 8*d**2 - 23*d + 20. Let w(p) = -7*p**2 + 22*p - 20. Let t(v) = -6*a(v) - 7*w(v). What is the units digit of t(15)?
5
Let f(l) = 55*l + 1. What is the tens digit of f(1)?
5
Let h be 3 - 6 - (-5 + 0). Suppose h*d - 3 = 5. Suppose -v + 2*v - d = 0. What is the units digit of v?
4
Let b = 7 - -8. Suppose b = 5*c, 4*i = -i + 5*c + 60. What is the units digit of (63/i)/(3/15)?
1
Let n = -9 + 14. Suppose -n*f + 50 = 5*y + 5, 0 = -3*y + f + 7. What is the units digit of y/(-1 - -2) - 2?
2
Let s = 1 + -12. Let p = 7 - s. What is the tens digit of p?
1
Suppose 0 = 3*x + 2*x - 10. Suppose 65 = 7*l - x*l. What is the units digit of l?
3
Let u = 5 - 21. Let p be (-12)/u + (-2)/(-8). Suppose 3*r - 13 = -5*k, -3*r = -3*k - p + 4. What is the units digit of r?
1
Suppose -78 + 22 = -4*u. Let j be (-4)/14 + 32/u. What is the units digit of -4 + j + 1 + 3?
2
Let w = 6 - 0. Suppose 0*l + 4*l - 8 = -4*s, -w = s - l. What is the units digit of (-5)/2*(0 + s)?
5
Let z = -203 + 292. What is the units digit of z?
9
Suppose y + 2*u = 3*y - 16, -2*u = -4. Suppose -y = t - 0. Let z = t - -16. What is t